he units digit of 6914493?
3
What is the hundreds digit of 48285?
2
What is the units digit of 176681?
1
What is the units digit of 8698239?
9
What is the millions digit of 8008838?
8
What is the tens digit of 148787?
8
What is the units digit of 10506936?
6
What is the millions digit of 13147411?
3
What is the hundreds digit of 6893598?
5
What is the thousands digit of 388969?
8
What is the ten thousands digit of 4241207?
4
What is the thousands digit of 408968?
8
What is the units digit of 332566?
6
What is the ten thousands digit of 2662212?
6
What is the hundreds digit of 6488?
4
What is the millions digit of 3281472?
3
What is the millions digit of 8255082?
8
What is the hundreds digit of 1430463?
4
What is the thousands digit of 2439744?
9
What is the millions digit of 10564771?
0
What is the units digit of 8992377?
7
What is the thousands digit of 5223484?
3
What is the tens digit of 4050274?
7
What is the hundreds digit of 5139741?
7
What is the hundreds digit of 1875337?
3
What is the thousands digit of 704001?
4
What is the millions digit of 1338047?
1
What is the tens digit of 256240?
4
What is the hundred thousands digit of 1083843?
0
What is the thousands digit of 124209?
4
What is the tens digit of 382176?
7
What is the hundred thousands digit of 239810?
2
What is the hundreds digit of 25331444?
4
What is the ten thousands digit of 391078?
9
What is the hundreds digit of 8854328?
3
What is the thousands digit of 5712948?
2
What is the tens digit of 23133059?
5
What is the units digit of 6244204?
4
What is the hundreds digit of 686500?
5
What is the thousands digit of 290895?
0
What is the ten millions digit of 11450851?
1
What is the hundred thousands digit of 306933?
3
What is the ten thousands digit of 305111?
0
What is the tens digit of 1419299?
9
What is the units digit of 217381?
1
What is the hundreds digit of 456265?
2
What is the tens digit of 1166083?
8
What is the hundred thousands digit of 117186?
1
What is the tens digit of 676701?
0
What is the units digit of 63484?
4
What is the ten millions digit of 11735947?
1
What is the hundreds digit of 981020?
0
What is the hundreds digit of 2827349?
3
What is the tens digit of 385992?
9
What is the hundred thousands digit of 482463?
4
What is the hundreds digit of 5537804?
8
What is the hundreds digit of 4527185?
1
What is the ten thousands digit of 3502953?
0
What is the hundred thousands digit of 295200?
2
What is the ten thousands digit of 1846068?
4
What is the tens digit of 974922?
2
What is the units digit of 7063881?
1
What is the ten thousands digit of 7256639?
5
What is the thousands digit of 3672316?
2
What is the hundred thousands digit of 172773?
1
What is the hundreds digit of 141165?
1
What is the thousands digit of 170177?
0
What is the hundreds digit of 481136?
1
What is the ten thousands digit of 4540415?
4
What is the units digit of 70129?
9
What is the thousands digit of 1421675?
1
What is the tens digit of 4378599?
9
What is the tens digit of 456946?
4
What is the units digit of 29645438?
8
What is the units digit of 5515788?
8
What is the ten thousands digit of 78543?
7
What is the units digit of 1052619?
9
What is the hundreds digit of 417564?
5
What is the units digit of 4178593?
3
What is the ten thousands digit of 294703?
9
What is the thousands digit of 91386?
1
What is the tens digit of 188393?
9
What is the units digit of 2054083?
3
What is the units digit of 19702653?
3
What is the hundreds digit of 92092?
0
What is the hundred thousands digit of 3155242?
1
What is the tens digit of 2833544?
4
What is the millions digit of 1759826?
1
What is the hundred thousands digit of 4053145?
0
What is the hundreds digit of 16273158?
1
What is the millions digit of 22670338?
2
What is the ten thousands digit of 6672742?
7
What is the units digit of 233826?
6
What is the units digit of 1257978?
8
What is the ten thousands digit of 626899?
2
What is the units digit of 678238?
8
What is the hundreds digit of 1469714?
7
What is the ten thousands digit of 10994290?
9
What is the hundred thousands digit of 576048?
5
What is the tens digit of 584453?
5
What is the units digit of 310129?
9
What is the thousands digit of 1814309?
4
What is the hundreds digit of 10442043?
0
What is the units digit of 1599959?
9
What is the millions digit of 5147411?
5
What is the thousands digit of 9387?
9
What is the hundreds digit of 2965765?
7
What is the hundreds digit of 18281105?
1
What is the tens digit of 2606949?
4
What is the tens digit of 2283862?
6
What is the thousands digit of 1256521?
6
What is the tens digit of 701996?
9
What is the thousands digit of 776315?
6
What is the tens digit of 145540?
4
What is the thousands digit of 435519?
5
What is the units digit of 1629048?
8
What is the ten thousands digit of 13027101?
2
What is the ten thousands digit of 7560196?
6
What is the ten thousands digit of 175726?
7
What is the hundreds digit of 154522?
5
What is the millions digit of 12964018?
2
What is the thousands digit of 201161?
1
What is the hundred thousands digit of 2498391?
4
What is the ten millions digit of 18057696?
1
What is the units digit of 661315?
5
What is the hundreds digit of 167101?
1
What is the units digit of 6334130?
0
What is the tens digit of 20024388?
8
What is the millions digit of 3599303?
3
What is the thousands digit of 884200?
4
What is the ten thousands digit of 57049?
5
What is the thousands digit of 337355?
7
What is the tens digit of 973465?
6
What is the thousands digit of 121041?
1
What is the ten thousands digit of 868049?
6
What is the tens digit of 143155?
5
What is the hundred thousands digit of 5074681?
0
What is the ten thousands digit of 5781764?
8
What is the units digit of 1494169?
9
What is the thousands digit of 962890?
2
What is the tens digit of 571772?
7
What is the tens digit of 14348401?
0
What is the thousands digit of 91890?
1
What is the thousands digit of 2540791?
0
What is the tens digit of 46076?
7
What is the millions digit of 2970862?
2
What is the units digit of 665?
5
What is the units digit of 186830?
0
What is the units digit of 611795?
5
What is the hundreds digit of 33121254?
2
What is the ten thousands digit of 7396619?
9
What is the units digit of 1629894?
4
What is the units digit of 2273542?
2
What is the millions digit of 8957400?
8
What is the ten thousands digit of 3014062?
1
What is the units digit of 157645?
5
What is the millions digit of 7141350?
7
What is the thousands digit of 30924584?
4
What is the units digit of 224937?
7
What is the units digit of 96924?
4
What is the units digit of 2216582?
2
What is the hundred thousands digit of 285970?
2
What is the ten thousands digit of 1103465?
0
What is the ten thousands digit of 227337?
2
What is the hundreds digit of 40998?
9
What is the hundreds digit of 184767?
7
What is the tens digit of 752434?
3
What is the ten thousands digit of 470258?
7
What is the ten thousands digit of 10846351?
4
What is the units digit of 25791955?
5
What is the thousands digit of 222315?
2
What is the hundred thousands digit of 23755891?
7
What is the hundreds digit of 520786?
7
What is the thousands digit of 3246786?
6
What is the tens digit of 233766?
6
What is the hundred thousands digit of 3513762?
5
What is the units digit of 2957422?
2
What is the hundreds digit of 87641?
6
What is the hundred thousands digit of 4831420?
8
What is the tens digit of 153982?
8
What is the millions digit of 21775646?
1
What is the thousands digit of 127868?
7
What is the units digit of 1027211?
1
What is the tens digit of 1629344?
4
What is the hundred thousands digit of 4363020?
3
What is the ten thousands digit of 609455?
0
What is the units digit of 2683151?
1
What is the hundred thousands digit of 605539?
6
What is the hundreds digit of 1637423?
4
What is the tens digit of 497837?
3
What is the millions digit of 1534549?
1
What is the millions digit of 3552148?
3
What is the units digit of 207879?
9
What is the units digit of 7799090?
0
What is the thousands digit of 1075678?
5
What is the hundreds digit of 7366005?
0
What is the ten millions digit of 15865606?
1
What is the ten thousands digit of 25047?
2
What is the thousands digit of 18335183?
5
What is the ten thousands 